{"id":331,"date":"2024-02-27T18:55:04","date_gmt":"2024-02-27T17:55:04","guid":{"rendered":"https:\/\/laurentdhermy.com\/?page_id=331"},"modified":"2024-02-27T18:55:04","modified_gmt":"2024-02-27T17:55:04","slug":"expos","status":"publish","type":"page","link":"https:\/\/laurentdhermy.com\/index.php\/expos\/","title":{"rendered":"EXPOS"},"content":{"rendered":"\n<p>Principaux salons et expositions:<\/p>\n\n\n\n<p>2023<br>Galerie Aventurine &amp; Co &#8211; Exposition permanente &#8211; Le Conquet<br><\/p>\n\n\n\n<p>2022<br>Salon Viving &#8211; Brest<br>Galerie ID POD &#8211; Exposition personnelle &#8211; Brest<br>Foire aux Cro\u00fbtes &#8211; Brest<br>Galerie Aventurine &amp; Co &#8211; Exposition permanente &#8211; Le Conquet<\/p>\n\n\n\n<p>2021<br>Restaurant le Globulle Rouge &#8211; Brest<br>Galerie Aventurine &amp; Co &#8211; Exposition personnelle &#8211; Le Conquet<br>D\u00e9ferlantes &#8211; Camaret-sur-Mer<\/p>\n\n\n\n<p>2019<br>Salon de Cr\u00e9ateurs &#8211; Le Triskell &#8211; Pont L&#8217;Abb\u00e9<br>D\u00e9ferlantes &#8211; Camaret-sur-Mer<\/p>\n\n\n\n<p>2018<br>D\u00e9ferlantes &#8211; Camaret-sur-Mer<br>Foire aux Cro\u00fbtes &#8211; Brest<br>Pluie de Toiles &#8211; Armoricaine de Brest &#8211; Brest<br><\/p>\n\n\n\n<p>2017<br>Ouverture de mon Atelier Galerie Vizion &#8211; Camaret-sur-Mer<br>Regards d&#8217;Artistes &#8211; Maison des Min\u00e9raux &#8211; St Hernot Crozon<\/p>\n\n\n\n<p>2012-2014<br>Salons de la Cr\u00e9ation &#8211; Quais de Sa\u00f4ne &#8211; Lyon<\/p>\n\n\n\n<p>2011<br>Galerie du 35 &#8211; MJC du brian\u00e7onnais &#8211; Brian\u00e7on<br>No es lo importante &#8211; Galerie Olokuti &#8211; Barcelone<br>Salon du Carnet de voyage &#8211; Beaurepaire<br>Pinza\u2019t Gallery &#8211; Barcelone<br>Galerie Rouge Garance &#8211; Mugron<\/p>\n\n\n\n<p>2010<br>Hipermerc\u2019art &#8211; Sala Vin\u00e7on &#8211; Galerie Safia &#8211; Barcelone<br>Galerie Olokuti &#8211; Barcelone<br>Galerie Rouge Garance &#8211; Mugron<br>Off Massana &#8211; Espai Augusti Massana &#8211; Poble Espanyol &#8211; Barcelone<br>XXI Portes ouvertes des Ateliers d\u2019Artiste de Belleville &#8211; Paris<br>Off Massana &#8211; Ecole Massana &#8211; Barcelone<br>Exposition collective &#8211; Amor Propio &#8211; Barcelone<\/p>\n\n\n\n<p>2009<br>Exposition Off Massana &#8211; Poble Espanyol &#8211; Barcelone<br>Exposition Un Point c\u2019est tout &#8211; Galerie des Ateliers d\u2019Artistes de Belleville &#8211; Paris 20\u00e8me<br>Exposition personnelle &#8211; Cave Banvin &#8211; St Leu<br>Invit\u00e9 d\u2019honneur au Salon Talents cach\u00e9s &#8211; Pr\u00e9cy sur Oise<br>Exposition Off Massana &#8211; Ecole Massana &#8211; Barcelone<br><\/p>\n\n\n\n<p>2008<br>Exposition personnelle &#8211; Pr\u00e9cy sur Oise<br>Exposition Andeville<br>Restaurant Sushiya &#8211; Barcelone<br>Restaurant Mosquito &#8211; Barcelone<br><\/p>\n\n\n\n<p>2001<br>58 Films Cash &#8211; MAC, galeries contemporaines des mus\u00e9es de Marseille<br>Grand_\u00e9cart Bis &#8211; Campus Universitaire &#8211; Amiens<br>Grand_\u00e9cart &#8211; Le Trap\u00e8ze &#8211; Amiens<\/p>\n\n\n\n<p>2000<br>Exposition personnelle &#8211; Pr\u00e9cy sur Oise<br>Autour de la Photographie 1, La Petite Fabrique, galerie de l\u2019ESAD &#8211; Amiens<br>Autour de la Photographie, Galerie Snapshot &#8211; Amiens<br><\/p>\n\n\n\n<p>1991 &#8211; 1999<br>29 Expositions collectives (dont 14 prix de peinture) \u00e0:<br>Chantilly &#8211; Gouvieux &#8211; Coye La For\u00eat &#8211; Chambly &#8211; H\u00fctschenhausen<br>Pr\u00e9cy sur Oise &#8211; Villers St Paul &#8211; Sacy Le Grand &#8211; St Leu d\u2019Esserent<br>Villers sous St Leu &#8211; Blaincourt-les-Pr\u00e9cy,\u2026<\/p>\n","protected":false},"excerpt":{"rendered":"<p>Principaux salons et expositions: 2023Galerie Aventurine &amp; Co &#8211; Exposition permanente &#8211; Le Conquet 2022Salon Viving &#8211; BrestGalerie ID POD &#8211; Exposition personnelle &#8211; BrestFoire aux Cro\u00fbtes &#8211; BrestGalerie Aventurine &amp; Co &#8211; Exposition permanente &#8211; Le Conquet 2021Restaurant le Globulle Rouge &#8211; BrestGalerie Aventurine &amp; Co &#8211; Exposition personnelle &#8211; Le ConquetD\u00e9ferlantes &#8211; Camaret-sur-Mer [&hellip;]<\/p>\n","protected":false},"author":1,"featured_media":0,"parent":0,"menu_order":0,"comment_status":"closed","ping_status":"closed","template":"","meta":{"footnotes":""},"_links":{"self":[{"href":"https:\/\/laurentdhermy.com\/index.php\/wp-json\/wp\/v2\/pages\/331"}],"collection":[{"href":"https:\/\/laurentdhermy.com\/index.php\/wp-json\/wp\/v2\/pages"}],"about":[{"href":"https:\/\/laurentdhermy.com\/index.php\/wp-json\/wp\/v2\/types\/page"}],"author":[{"embeddable":true,"href":"https:\/\/laurentdhermy.com\/index.php\/wp-json\/wp\/v2\/users\/1"}],"replies":[{"embeddable":true,"href":"https:\/\/laurentdhermy.com\/index.php\/wp-json\/wp\/v2\/comments?post=331"}],"version-history":[{"count":10,"href":"https:\/\/laurentdhermy.com\/index.php\/wp-json\/wp\/v2\/pages\/331\/revisions"}],"predecessor-version":[{"id":341,"href":"https:\/\/laurentdhermy.com\/index.php\/wp-json\/wp\/v2\/pages\/331\/revisions\/341"}],"wp:attachment":[{"href":"https:\/\/laurentdhermy.com\/index.php\/wp-json\/wp\/v2\/media?parent=331"}],"curies":[{"name":"wp","href":"https:\/\/api.w.org\/{rel}","templated":true}]}}