{"id":35,"date":"2024-02-22T18:01:02","date_gmt":"2024-02-22T17:01:02","guid":{"rendered":"http:\/\/laurentdhermy.com\/?page_id=35"},"modified":"2024-02-27T12:58:47","modified_gmt":"2024-02-27T11:58:47","slug":"accueil","status":"publish","type":"page","link":"https:\/\/laurentdhermy.com\/","title":{"rendered":"Galerie Vizion"},"content":{"rendered":"\n<p class=\"has-medium-font-size\"><strong>12 Rue de la Marne 29570 Camaret-sur-Mer<\/strong><\/p>\n\n\n\n<div class=\"wp-block-media-text is-stacked-on-mobile is-vertically-aligned-top\" style=\"grid-template-columns:53% auto\"><figure class=\"wp-block-media-text__media\"><img loading=\"lazy\" decoding=\"async\" width=\"500\" height=\"383\" src=\"http:\/\/laurentdhermy.com\/wp-content\/uploads\/2024\/02\/VIZION-EXT-21-2.jpg\" alt=\"\" class=\"wp-image-73 size-full\" srcset=\"https:\/\/laurentdhermy.com\/wp-content\/uploads\/2024\/02\/VIZION-EXT-21-2.jpg 500w, https:\/\/laurentdhermy.com\/wp-content\/uploads\/2024\/02\/VIZION-EXT-21-2-300x230.jpg 300w\" sizes=\"(max-width: 500px) 100vw, 500px\" \/><\/figure><div class=\"wp-block-media-text__content\">\n<p class=\"has-medium-font-size\"><strong>02 90 94 38 52<\/strong><\/p>\n\n\n\n<p class=\"has-medium-font-size\"><strong>lau-dhermy@hotmail.fr<\/strong><\/p>\n\n\n\n<ul class=\"wp-block-social-links has-visible-labels is-layout-flex wp-block-social-links-is-layout-flex\"><li class=\"wp-social-link wp-social-link-instagram  wp-block-social-link\"><a rel=\" noopener nofollow\" target=\"_blank\" href=\"https:\/\/www.instagram.com\/laurentdhermy\/\" class=\"wp-block-social-link-anchor\"><svg width=\"24\" height=\"24\" viewBox=\"0 0 24 24\" version=\"1.1\" xmlns=\"http:\/\/www.w3.org\/2000\/svg\" aria-hidden=\"true\" focusable=\"false\"><path d=\"M12,4.622c2.403,0,2.688,0.009,3.637,0.052c0.877,0.04,1.354,0.187,1.671,0.31c0.42,0.163,0.72,0.358,1.035,0.673 c0.315,0.315,0.51,0.615,0.673,1.035c0.123,0.317,0.27,0.794,0.31,1.671c0.043,0.949,0.052,1.234,0.052,3.637 s-0.009,2.688-0.052,3.637c-0.04,0.877-0.187,1.354-0.31,1.671c-0.163,0.42-0.358,0.72-0.673,1.035 c-0.315,0.315-0.615,0.51-1.035,0.673c-0.317,0.123-0.794,0.27-1.671,0.31c-0.949,0.043-1.233,0.052-3.637,0.052 s-2.688-0.009-3.637-0.052c-0.877-0.04-1.354-0.187-1.671-0.31c-0.42-0.163-0.72-0.358-1.035-0.673 c-0.315-0.315-0.51-0.615-0.673-1.035c-0.123-0.317-0.27-0.794-0.31-1.671C4.631,14.688,4.622,14.403,4.622,12 s0.009-2.688,0.052-3.637c0.04-0.877,0.187-1.354,0.31-1.671c0.163-0.42,0.358-0.72,0.673-1.035 c0.315-0.315,0.615-0.51,1.035-0.673c0.317-0.123,0.794-0.27,1.671-0.31C9.312,4.631,9.597,4.622,12,4.622 M12,3 C9.556,3,9.249,3.01,8.289,3.054C7.331,3.098,6.677,3.25,6.105,3.472C5.513,3.702,5.011,4.01,4.511,4.511 c-0.5,0.5-0.808,1.002-1.038,1.594C3.25,6.677,3.098,7.331,3.054,8.289C3.01,9.249,3,9.556,3,12c0,2.444,0.01,2.751,0.054,3.711 c0.044,0.958,0.196,1.612,0.418,2.185c0.23,0.592,0.538,1.094,1.038,1.594c0.5,0.5,1.002,0.808,1.594,1.038 c0.572,0.222,1.227,0.375,2.185,0.418C9.249,20.99,9.556,21,12,21s2.751-0.01,3.711-0.054c0.958-0.044,1.612-0.196,2.185-0.418 c0.592-0.23,1.094-0.538,1.594-1.038c0.5-0.5,0.808-1.002,1.038-1.594c0.222-0.572,0.375-1.227,0.418-2.185 C20.99,14.751,21,14.444,21,12s-0.01-2.751-0.054-3.711c-0.044-0.958-0.196-1.612-0.418-2.185c-0.23-0.592-0.538-1.094-1.038-1.594 c-0.5-0.5-1.002-0.808-1.594-1.038c-0.572-0.222-1.227-0.375-2.185-0.418C14.751,3.01,14.444,3,12,3L12,3z M12,7.378 c-2.552,0-4.622,2.069-4.622,4.622S9.448,16.622,12,16.622s4.622-2.069,4.622-4.622S14.552,7.378,12,7.378z M12,15 c-1.657,0-3-1.343-3-3s1.343-3,3-3s3,1.343,3,3S13.657,15,12,15z M16.804,6.116c-0.596,0-1.08,0.484-1.08,1.08 s0.484,1.08,1.08,1.08c0.596,0,1.08-0.484,1.08-1.08S17.401,6.116,16.804,6.116z\"><\/path><\/svg><span class=\"wp-block-social-link-label\">Instagram<\/span><\/a><\/li><\/ul>\n\n\n\n<p>D&#8217;avril \u00e0 octobre (de P\u00e2ques \u00e0 la Toussaint)<br>semaine et week-end:<br>10h30 &#8211; 13h00<br>15h30 &#8211; 19h00<\/p>\n\n\n\n<p>De novembre \u00e0 mars<br>Ouverture pendant les vacances scolaires, et \u00e0 n&#8217;importe quel moment sur rendez-vous.<\/p>\n<\/div><\/div>\n\n\n\n<p class=\"has-large-font-size\"><strong>AQUARELLES &amp; DESSINS<\/strong><\/p>\n\n\n\n<figure class=\"wp-block-gallery has-nested-images columns-3 is-cropped wp-block-gallery-1 is-layout-flex wp-block-gallery-is-layout-flex\">\n<figure class=\"wp-block-image size-large\"><a href=\"https:\/\/laurentdhermy.com\/index.php\/surrealisme\/\"><img loading=\"lazy\" decoding=\"async\" width=\"692\" height=\"800\" data-id=\"248\" src=\"https:\/\/laurentdhermy.com\/wp-content\/uploads\/2024\/02\/logo-milk.jpg\" alt=\"\" class=\"wp-image-248\" srcset=\"https:\/\/laurentdhermy.com\/wp-content\/uploads\/2024\/02\/logo-milk.jpg 692w, https:\/\/laurentdhermy.com\/wp-content\/uploads\/2024\/02\/logo-milk-260x300.jpg 260w\" sizes=\"(max-width: 692px) 100vw, 692px\" \/><\/a><\/figure>\n\n\n\n<figure class=\"wp-block-image size-large\"><a href=\"https:\/\/laurentdhermy.com\/?page_id=30\"><img loading=\"lazy\" decoding=\"async\" width=\"692\" height=\"800\" data-id=\"242\" src=\"https:\/\/laurentdhermy.com\/wp-content\/uploads\/2024\/02\/logo-bateaux.jpg\" alt=\"\" class=\"wp-image-242\" srcset=\"https:\/\/laurentdhermy.com\/wp-content\/uploads\/2024\/02\/logo-bateaux.jpg 692w, https:\/\/laurentdhermy.com\/wp-content\/uploads\/2024\/02\/logo-bateaux-260x300.jpg 260w\" sizes=\"(max-width: 692px) 100vw, 692px\" \/><\/a><\/figure>\n\n\n\n<figure class=\"wp-block-image size-large\"><a href=\"https:\/\/laurentdhermy.com\/index.php\/phares\/\"><img loading=\"lazy\" decoding=\"async\" width=\"692\" height=\"800\" data-id=\"245\" src=\"https:\/\/laurentdhermy.com\/wp-content\/uploads\/2024\/02\/logo-Phares-1.jpg\" alt=\"\" class=\"wp-image-245\" srcset=\"https:\/\/laurentdhermy.com\/wp-content\/uploads\/2024\/02\/logo-Phares-1.jpg 692w, https:\/\/laurentdhermy.com\/wp-content\/uploads\/2024\/02\/logo-Phares-1-260x300.jpg 260w\" sizes=\"(max-width: 692px) 100vw, 692px\" \/><\/a><\/figure>\n\n\n\n<figure class=\"wp-block-image size-large\"><a href=\"https:\/\/laurentdhermy.com\/index.php\/galets-fonds-marins\/\"><img loading=\"lazy\" decoding=\"async\" width=\"692\" height=\"800\" data-id=\"243\" src=\"https:\/\/laurentdhermy.com\/wp-content\/uploads\/2024\/02\/logo-Galets-Fonds-Marins.jpg\" alt=\"\" class=\"wp-image-243\" srcset=\"https:\/\/laurentdhermy.com\/wp-content\/uploads\/2024\/02\/logo-Galets-Fonds-Marins.jpg 692w, https:\/\/laurentdhermy.com\/wp-content\/uploads\/2024\/02\/logo-Galets-Fonds-Marins-260x300.jpg 260w\" sizes=\"(max-width: 692px) 100vw, 692px\" \/><\/a><\/figure>\n\n\n\n<figure class=\"wp-block-image size-large\"><a href=\"https:\/\/laurentdhermy.com\/index.php\/autre\/\"><img loading=\"lazy\" decoding=\"async\" width=\"692\" height=\"800\" data-id=\"328\" src=\"https:\/\/laurentdhermy.com\/wp-content\/uploads\/2024\/02\/logo-autre-2.jpg\" alt=\"\" class=\"wp-image-328\" srcset=\"https:\/\/laurentdhermy.com\/wp-content\/uploads\/2024\/02\/logo-autre-2.jpg 692w, https:\/\/laurentdhermy.com\/wp-content\/uploads\/2024\/02\/logo-autre-2-260x300.jpg 260w\" sizes=\"(max-width: 692px) 100vw, 692px\" \/><\/a><\/figure>\n\n\n\n<figure class=\"wp-block-image size-large\"><a href=\"https:\/\/laurentdhermy.com\/index.php\/dessins\/\"><img loading=\"lazy\" decoding=\"async\" width=\"692\" height=\"800\" data-id=\"326\" src=\"https:\/\/laurentdhermy.com\/wp-content\/uploads\/2024\/02\/logo-dessins.jpg\" alt=\"\" class=\"wp-image-326\" srcset=\"https:\/\/laurentdhermy.com\/wp-content\/uploads\/2024\/02\/logo-dessins.jpg 692w, https:\/\/laurentdhermy.com\/wp-content\/uploads\/2024\/02\/logo-dessins-260x300.jpg 260w\" sizes=\"(max-width: 692px) 100vw, 692px\" \/><\/a><\/figure>\n<\/figure>\n\n\n\n<p><\/p>\n\n\n\n<div class=\"wp-block-media-text has-media-on-the-right is-stacked-on-mobile is-vertically-aligned-center\"><div class=\"wp-block-media-text__content\">\n<p><strong><mark style=\"background-color:rgba(0, 0, 0, 0);color:#3b3c42\" class=\"has-inline-color\">J&#8217;ai toujours peint \u00e0 l&#8217;aquarelle, dans la lumi\u00e8re et la transparence, dans le contraste et la force des couleurs. Avec le temps, je tente de pousser cette technique vers de nouveaux horizons. Je navigue entre deux univers, deux styles, tant\u00f4t imaginaire, tant\u00f4t figuratif.<\/mark><\/strong><br>Certaines s\u00e9ries de peintures ont de nombreuses affinit\u00e9s avec le surr\u00e9alisme.<br>En phase pr\u00e9paratoire, on trouve un processus<br>instinctif de collage miniature. A la mani\u00e8re de<br>\u00abcadavres exquis\u00bb, les fragments extraits de<br>leur contexte s\u2019articulent dans une recherche<br>graphique de la composition.<br>Comme un filtre kal\u00e9idoscopique, la traduction<br>plastique par la technique de l&#8217;aquarelle aboutit<br>\u00e0 un patchwork onirique.<\/p>\n\n\n\n<p><\/p>\n<\/div><figure class=\"wp-block-media-text__media\"><img loading=\"lazy\" decoding=\"async\" width=\"595\" height=\"693\" src=\"http:\/\/laurentdhermy.com\/wp-content\/uploads\/2024\/02\/collage-ok-21.jpg\" alt=\"\" class=\"wp-image-67 size-full\" srcset=\"https:\/\/laurentdhermy.com\/wp-content\/uploads\/2024\/02\/collage-ok-21.jpg 595w, https:\/\/laurentdhermy.com\/wp-content\/uploads\/2024\/02\/collage-ok-21-258x300.jpg 258w\" sizes=\"(max-width: 595px) 100vw, 595px\" \/><\/figure><\/div>\n\n\n\n<div class=\"wp-block-media-text has-media-on-the-right is-stacked-on-mobile is-vertically-aligned-center\"><div class=\"wp-block-media-text__content\">\n<p>Install\u00e9 en Bretagne depuis 2017 dans mon atelier-galerie \u00e0 Camaret-sur-Mer, dans le quartier des artistes, je pratique \u00e9galement une peinture figurative.<br>Proche de l&#8217;oc\u00e9an, berc\u00e9 par la force et l&#8217;\u00e9nergie des \u00e9l\u00e9ments naturels de ce bout du monde, j&#8217;aborde dans mes tableaux des sujets marins que m&#8217;inspire la presqu&#8217;\u00eele de Crozon: les \u00e9paves de bateaux, les phares du Finist\u00e8re, les fonds sous-marin et compositions de galets\u2026<br>Par une approche et un traitement r\u00e9aliste de l&#8217;aquarelle, je mets l&#8217;accent sur des effets de mati\u00e8re et de volume. A la mani\u00e8re d&#8217;instantan\u00e9s, ma peinture a quelque chose de photographique: dans mes cadrages,<br>dans l&#8217;intensit\u00e9 des contrastes, dans les jeux d&#8217;ombres et de lumi\u00e8res.<br>Chaque ann\u00e9e je poursuis ces s\u00e9ries de peintures tout en m&#8217;aventurant vers de nouveaux th\u00e8mes, afin d&#8217;\u00e9largir ce champ aquatique et renouveler constamment mon approche du r\u00e9el.<\/p>\n<\/div><figure class=\"wp-block-media-text__media\"><img loading=\"lazy\" decoding=\"async\" width=\"806\" height=\"1024\" src=\"https:\/\/laurentdhermy.com\/wp-content\/uploads\/2024\/02\/carte-806x1024.jpg\" alt=\"\" class=\"wp-image-224 size-full\" srcset=\"https:\/\/laurentdhermy.com\/wp-content\/uploads\/2024\/02\/carte-806x1024.jpg 806w, https:\/\/laurentdhermy.com\/wp-content\/uploads\/2024\/02\/carte-236x300.jpg 236w, https:\/\/laurentdhermy.com\/wp-content\/uploads\/2024\/02\/carte-768x976.jpg 768w, https:\/\/laurentdhermy.com\/wp-content\/uploads\/2024\/02\/carte.jpg 859w\" sizes=\"(max-width: 806px) 100vw, 806px\" \/><\/figure><\/div>\n","protected":false},"excerpt":{"rendered":"<p>12 Rue de la Marne 29570 Camaret-sur-Mer AQUARELLES &amp; DESSINS J&#8217;ai toujours peint \u00e0 l&#8217;aquarelle, dans la lumi\u00e8re et la transparence, dans le contraste et la force des couleurs. Avec le temps, je tente de pousser cette technique vers de nouveaux horizons. Je navigue entre deux univers, deux styles, tant\u00f4t imaginaire, tant\u00f4t figuratif.Certaines s\u00e9ries de [&hellip;]<\/p>\n","protected":false},"author":1,"featured_media":0,"parent":0,"menu_order":0,"comment_status":"closed","ping_status":"closed","template":"","meta":{"footnotes":""},"_links":{"self":[{"href":"https:\/\/laurentdhermy.com\/index.php\/wp-json\/wp\/v2\/pages\/35"}],"collection":[{"href":"https:\/\/laurentdhermy.com\/index.php\/wp-json\/wp\/v2\/pages"}],"about":[{"href":"https:\/\/laurentdhermy.com\/index.php\/wp-json\/wp\/v2\/types\/page"}],"author":[{"embeddable":true,"href":"https:\/\/laurentdhermy.com\/index.php\/wp-json\/wp\/v2\/users\/1"}],"replies":[{"embeddable":true,"href":"https:\/\/laurentdhermy.com\/index.php\/wp-json\/wp\/v2\/comments?post=35"}],"version-history":[{"count":73,"href":"https:\/\/laurentdhermy.com\/index.php\/wp-json\/wp\/v2\/pages\/35\/revisions"}],"predecessor-version":[{"id":330,"href":"https:\/\/laurentdhermy.com\/index.php\/wp-json\/wp\/v2\/pages\/35\/revisions\/330"}],"wp:attachment":[{"href":"https:\/\/laurentdhermy.com\/index.php\/wp-json\/wp\/v2\/media?parent=35"}],"curies":[{"name":"wp","href":"https:\/\/api.w.org\/{rel}","templated":true}]}}